ose 24 = f*u - 18. What is the units digit of u?
7
Suppose 36 + 72 = -3*q. What is the units digit of 0 + -1 - (q - 9)?
4
Let t = -9 - -15. What is the units digit of (14/(-4))/((-3)/t)?
7
Let z(u) = 27*u**2 - 4*u - 2. What is the units digit of z(-1)?
9
Suppose -2*l + 2*i = -0*i - 6, 4*l + 18 = -2*i. Let h = l - 0. What is the units digit of 7 + h/6*-3?
8
Let o(x) = x**3 + 8*x**2 + 10*x + 8. Let z be o(-6). Suppose z = 3*g - 1. What is the units digit of g?
7
Suppose -1 = w - 5. Let l be 92/2 - (w + -2). Suppose 4*m - l = -4*i + 2*m, -i + 14 = -m. What is the tens digit of i?
1
Suppose 0*x = -2*x + 142. What is the tens digit of x?
7
Let n be 68/16 - 2/8. Suppose -n*w + 204 = 76. What is the units digit of w?
2
Let x = 4 - 14. What is the units digit of x/(-4)*(-16)/(-5)?
8
Let b(j) = 9*j**2 + 2*j - 1. Let t be ((-2)/4)/(3/(-6)). What is the tens digit of b(t)?
1
Let m(q) be the second derivative of -q**3/6 + 3*q**2/2 - 6*q. What is the units digit of m(-6)?
9
Let p = -12 + 21. Suppose 6 + p = 3*z. What is the units digit of z?
5
Let v(s) = s**3 + 6*s**2 - 8*s + 4. Let y be v(-7). Suppose -5*h + i + y = 0, -2*h + 4 + 6 = i. Let l = h + 6. What is the units digit of l?
9
Let p be 0*3/(4 - 1). Suppose p + 30 = r. Let j = 43 - r. What is the tens digit of j?
1
Let h(o) = -o + 8. Let c be h(5). Suppose 82 + 2 = c*w. What is the units digit of w?
8
Let w(g) = 2*g**2 + 2*g - 4. Let u be w(-5). What is the tens digit of u/(-24)*(-28)/3?
1
Let m(g) = 2*g**3 - 4*g + 7. What is the tens digit of m(2)?
1
Let k be -4 + (-8)/(-2) - -6. Let d = k - -41. What is the units digit of d?
7
Let k(n) = 5*n**2 + 6*n + 1. What is the units digit of k(-5)?
6
Let c(r) = 3*r**2 - 6*r + 1. Let g be c(5). Let d = g + -28. What is the tens digit of d?
1
Let o = 6 + -11. What is the units digit of 2/o - (-64)/10?
6
Let p = 88 - 49. What is the units digit of p?
9
Suppose -12*m = -16*m + 492. What is the tens digit of m?
2
Let d be -2 - (-8)/3*3. Let l = -1 + d. Suppose l*r - 30 = n, 0*n - 5 = n. What is the units digit of r?
5
Suppose p + 5*h = 4*p - 25, 4 = -2*h. Suppose -p*m - 9 + 34 = 0. What is the units digit of m?
5
What is the tens digit of 284 - ((-28)/12 - (-2)/6)?
8
Suppose 425 = -2*h + 7*h. What is the units digit of h?
5
Let k(z) = z**2 - 9*z + 9. Let c be k(9). Suppose 5*h = c*h - 392. Suppose h - 38 = 5*o. What is the tens digit of o?
1
Let f = 102 - -45. What is the tens digit of f?
4
Suppose -5*c = 79 + 221. What is the units digit of (-1 + 4)*c/(-18)?
0
Suppose 3*f + 0*f - 157 = 5*i, -i = 3*f - 145. Suppose -2*d + 58 = -w + 6*w, -f = -3*d + 2*w. What is the units digit of d?
9
Suppose 0*d - 14 = -2*d. What is the units digit of d?
7
Let h(b) = -b**3 + 4 - 2*b**2 - 5*b**2 + 2*b**3 - 12 - 6*b. What is the units digit of h(8)?
8
Let b(i) = 5*i**2 + 5*i + 3. What is the hundreds digit of b(-5)?
1
Let h be (-2)/(-6) - 4/(-6). Let g be 3 - (-2 + 2)/(-3). Suppose 2*k = 3*d + 10, -3*d = k + h + g. What is the units digit of k?
2
Let s(z) = -z**2 - 3*z + 3. Let j be s(-3). Suppose n - j - 5 = 0. What is the units digit of n?
8
Suppose -5*m + m = -b - 17, -b - 5 = 0. Suppose -z = -m*z + 2. What is the units digit of z?
1
Suppose 4*y - 3*f - 150 = 0, -3*y = -2*y + 2*f - 32. What is the tens digit of y?
3
Suppose -5*y + 47 - 12 = 0. Suppose h = 3*h + 2. Let f = y + h. What is the units digit of f?
6
Suppose -285 = -3*b - 36. What is the units digit of b?
3
Suppose -2*x - 6 = a - 2*a, 5*a + 4*x - 2 = 0. Suppose -2*m + 3*o = -13, 0 = -2*m + 5*o + 21 + a. What is the units digit of 7 - (m + 0 - 1)?
9
Suppose -b = -5*w + 32 - 7, -5*b = 2*w - 10. What is the units digit of w?
5
Let d = -17 - -78. What is the tens digit of d?
6
What is the tens digit of (-2)/(12/3)*-38?
1
Suppose 0 = -3*y + 30 - 291. Let k = -60 - y. What is the units digit of k?
7
Suppose 0 = 4*f - 3*h - 25, 5*f - 35 = -0*f + 3*h. What is the units digit of f?
0
Suppose 2*s - 2*o = 5*s - 178, 4*o = -3*s + 188. Suppose b + 3*b = -s. Let j = -9 - b. What is the units digit of j?
5
Suppose 5*k = -0*k + 20. Suppose 4*z - 113 = -r, 4*z + k*r - 48 = 80. What is the tens digit of z?
2
Let x = 13 + 9. What is the units digit of x?
2
Suppose 2*u - 4*h = 10, -u - 2*u + 6 = 3*h. Suppose u*t = -t + 152. What is the units digit of t?
8
Let p(b) = -b**3 - b - 1. Let x = 1 - 4. Let y = 2 + x. What is the units digit of p(y)?
1
Let s(g) = g**2 - 2*g + 46. Let m(w) = -w - 6. Let q be m(-6). What is the tens digit of s(q)?
4
Let l(z) = -z**3 - 6*z**2 - 6*z + 4. What is the units digit of l(-5)?
9
Let i(s) = -3*s. Let f be i(2). What is the units digit of -1 - (-1 - -2) - f?
4
What is the tens digit of (13 - 12)/(47/23 - 2)?
2
Let o(j) = -7*j**3 - 5 + 2*j**3 + 4. What is the units digit of o(-1)?
4
Suppose 2*r - 500 = -5*h + 4*h, -h + 2 = 0. What is the units digit of r?
9
Suppose -1022 = -3*d - 5*u, d - 5*u + 1366 = 5*d. What is the tens digit of d?
4
Suppose 3*a + 2*a - 100 = 0. Suppose -8*h + 4*h + a = 0. What is the units digit of h?
5
Let c be (-11 + -7)/(-1 + 2). Let j = c + 35. What is the tens digit of j?
1
Suppose n + 96 = -2*n. What is the units digit of (n/(-10))/4*5?
4
Let v = -2 + -2. Let k(m) be the third derivative of -m**4/12 + m**3/6 - 16*m**2. What is the units digit of k(v)?
9
Let v(w) = -w**3 - 13*w**2 - 3*w - 9. What is the units digit of v(-13)?
0
Let f(k) = k**2 + k + 11. Suppose 4*o + 5*r - 20 = 0, 8 = -3*r + 5*r. What is the units digit of f(o)?
1
Suppose 5*r + 0*r = 60. Let v(j) = 0 - j + r + 3. What is the units digit of v(7)?
8
Let b = -5 - -9. Suppose 3*h = -3*j - 2*j + 40, b*j = 20. What is the units digit of h?
5
Let q(u) = u**2 - 6*u + 5. Let y be q(6). Let c(p) = 2*p + 6. What is the units digit of c(y)?
6
Let h(d) = -5*d**2 + 3*d**2 + 3*d + 1 + 2 + 9*d**2. What is the units digit of h(-2)?
5
What is the tens digit of 2 + 11/(-6) + (-1271)/(-6)?
1
Let m = -82 + 98. What is the units digit of m?
6
What is the units digit of (-14)/4*72/(-14)?
8
Suppose 0 = -2*a + a + 3. Suppose 0 = -q - 5*b - 12, -a*q + 3*b + 54 = -0*b. What is the units digit of q?
3
Let a(d) = d**2 - 6*d + 1. What is the units digit of a(9)?
8
Suppose z - 5*s = 19, 0 = -0*z + 2*z + s - 27. What is the units digit of (-4)/(-3)*-3 + z?
0
Let p = -12 + 22. Suppose p - 4 = 3*m. Suppose 5*o - m*o = 60. What is the tens digit of o?
2
Suppose -w + 3*w + 66 = 0. Let n be (-22)/44*(43 + -1). Let i = n - w. What is the tens digit of i?
1
Suppose 2*y = 4*y. Let h = y - 0. Suppose h*q - 2*q = -16. What is the units digit of q?
8
Let a be 4*2 + (0 - 3). Suppose -2*s + 29 = 3*z, 3*s + 15 = -3*z + a*z. What is the units digit of z?
9
Let z(k) = -2*k - 9. Let q be 4/8 + (-29)/(-2). Let b = 8 - q. What is the units digit of z(b)?
5
Let d = 55 - 42. What is the tens digit of d?
1
Let l = -12 - -17. Suppose 2*w - 3*z - 15 = -w, 2*z = l*w - 37. Let p(t) = 2*t - 11. What is the units digit of p(w)?
7
Suppose x + 36 = 2*f, -86 = 2*x - 0*x + 3*f. Let t = x + 63. What is the units digit of t?
3
Suppose -2 = -o - 3. Let x be (1 - -6) + 1 + o. Suppose x*q - 35 = 2*q. What is the units digit of q?
7
Let k be (0 - (-1 - -1))/1. Let l(j) = -5 + k + 3 + 4*j + 2*j**2 - 1. What is the tens digit of l(-4)?
1
Suppose -f + 15 + 3 = 0. Let b be 4/6 - (-7)/3. Suppose 2*k = -5*a + f + 39, b*a = 4*k + 55. What is the units digit of a?
3
Let m(a) = a**3 + 8*a**2 + a - 6. Let i be m(-6). What is the tens digit of 5/(i/16)*18?
2
Suppose -2*o - 5 = 3*j, 11 = 5*j + 5*o + 26. Let v be 3/3 - (-1 - j). What is the units digit of ((-2)/(-3))/(v/18)?
4
Let r(k) = 9*k - 6. What is the tens digit of r(4)?
3
Let y = 4 + 7. Suppose -5 = -5*s - 5*f, 5*s + 3*f = -0*s + y. What is the units digit of s?
4
Let p(o) = -2*o - 7. Let s(g) = -3*g + 1. Let c be s(2). Let q be p(c). Suppose 0*k + 4*k - 6 = -q*a, 4*a + 4*k = 8. What is the units digit of a?
2
Suppose -5*p = t + 21, -t + 0*t - 1 = 0. Let g = 5 - p. Suppose -4*i = -11 - g. What is the units digit of i?
5
Suppose -3*t = -16 + 1, -2*y + 4*t + 88 = 0. What is the tens digit of y?
5
Let n = 6 - -24. Suppose 4*b = 5*b. Suppose b = -6*y + y + n. What is the units digit of y?
6
Let j(g) = -g**2. Let w be j(0). Suppose -4*y = -w*y. Suppose 5*h - 3*h - 14 = y. What is the units digit of h?
7
Let y(l) = -3*l**3 + l**2 + l. Let g